{"id":112,"date":"2024-02-25T15:22:41","date_gmt":"2024-02-25T14:22:41","guid":{"rendered":"https:\/\/golfcdi.madelainak.fr\/?page_id=112"},"modified":"2024-02-25T15:22:41","modified_gmt":"2024-02-25T14:22:41","slug":"le-parcours","status":"publish","type":"page","link":"https:\/\/asgolfcdi.fr\/?page_id=112","title":{"rendered":"Le Parcours"},"content":{"rendered":"\n<h1 class=\"wp-block-heading\"><strong>Le parcours 18 Trous<\/strong><\/h1>\n\n\n\n<p>Attention, depuis le d\u00e9but de l&rsquo;ann\u00e9e 2024, quelques changements dans la num\u00e9rotation et donc la carte de score :<\/p>\n\n\n\n<ul class=\"wp-block-list\">\n<li>Le 9 devient le trou n\u00b01, suivi ensuite dans l&rsquo;ordre par la partie des Dunes (trous 10 \u00e0 18 qui deviennent les trous 2 \u00e0 10)<\/li>\n\n\n\n<li>Le 1 devient le trou n\u00b011, suivi ensuite dans l&rsquo;ordre par la partie des Mielles (trous 2 \u00e0 8 qui deviennent les trous 11 \u00e0 18)<\/li>\n<\/ul>\n\n\n\n<figure class=\"wp-block-gallery has-nested-images columns-default is-cropped wp-block-gallery-1 is-layout-flex wp-block-gallery-is-layout-flex\">\n<figure data-wp-context=\"{&quot;imageId&quot;:&quot;69f3e15e7d060&quot;}\" data-wp-interactive=\"core\/image\" data-wp-key=\"69f3e15e7d060\" class=\"wp-block-image size-full wp-lightbox-container\"><img loading=\"lazy\" decoding=\"async\" width=\"1920\" height=\"977\" data-wp-class--hide=\"state.isContentHidden\" data-wp-class--show=\"state.isContentVisible\" data-wp-init=\"callbacks.setButtonStyles\" data-wp-on--click=\"actions.showLightbox\" data-wp-on--load=\"callbacks.setButtonStyles\" data-wp-on-window--resize=\"callbacks.setButtonStyles\" data-id=\"113\" src=\"https:\/\/golfcdi.madelainak.fr\/wp-content\/uploads\/2024\/02\/Plan-de-parcours.jpg\" alt=\"\" class=\"wp-image-113\" srcset=\"https:\/\/asgolfcdi.fr\/wp-content\/uploads\/2024\/02\/Plan-de-parcours.jpg 1920w, https:\/\/asgolfcdi.fr\/wp-content\/uploads\/2024\/02\/Plan-de-parcours-300x153.jpg 300w, https:\/\/asgolfcdi.fr\/wp-content\/uploads\/2024\/02\/Plan-de-parcours-1024x521.jpg 1024w, https:\/\/asgolfcdi.fr\/wp-content\/uploads\/2024\/02\/Plan-de-parcours-768x391.jpg 768w, https:\/\/asgolfcdi.fr\/wp-content\/uploads\/2024\/02\/Plan-de-parcours-1536x782.jpg 1536w\" sizes=\"auto, (max-width: 1920px) 100vw, 1920px\" \/><button\n\t\t\tclass=\"lightbox-trigger\"\n\t\t\ttype=\"button\"\n\t\t\taria-haspopup=\"dialog\"\n\t\t\taria-label=\"Agrandir\"\n\t\t\tdata-wp-init=\"callbacks.initTriggerButton\"\n\t\t\tdata-wp-on--click=\"actions.showLightbox\"\n\t\t\tdata-wp-style--right=\"state.imageButtonRight\"\n\t\t\tdata-wp-style--top=\"state.imageButtonTop\"\n\t\t>\n\t\t\t<svg xmlns=\"http:\/\/www.w3.org\/2000\/svg\" width=\"12\" height=\"12\" fill=\"none\" viewBox=\"0 0 12 12\">\n\t\t\t\t<path fill=\"#fff\" d=\"M2 0a2 2 0 0 0-2 2v2h1.5V2a.5.5 0 0 1 .5-.5h2V0H2Zm2 10.5H2a.5.5 0 0 1-.5-.5V8H0v2a2 2 0 0 0 2 2h2v-1.5ZM8 12v-1.5h2a.5.5 0 0 0 .5-.5V8H12v2a2 2 0 0 1-2 2H8Zm2-12a2 2 0 0 1 2 2v2h-1.5V2a.5.5 0 0 0-.5-.5H8V0h2Z\" \/>\n\t\t\t<\/svg>\n\t\t<\/button><\/figure>\n\n\n\n<figure data-wp-context=\"{&quot;imageId&quot;:&quot;69f3e15e7d3aa&quot;}\" data-wp-interactive=\"core\/image\" data-wp-key=\"69f3e15e7d3aa\" class=\"wp-block-image size-full wp-lightbox-container\"><img loading=\"lazy\" decoding=\"async\" width=\"1231\" height=\"690\" data-wp-class--hide=\"state.isContentHidden\" data-wp-class--show=\"state.isContentVisible\" data-wp-init=\"callbacks.setButtonStyles\" data-wp-on--click=\"actions.showLightbox\" data-wp-on--load=\"callbacks.setButtonStyles\" data-wp-on-window--resize=\"callbacks.setButtonStyles\" data-id=\"114\" src=\"https:\/\/golfcdi.madelainak.fr\/wp-content\/uploads\/2024\/02\/carte-de-score.gif\" alt=\"\" class=\"wp-image-114\"\/><button\n\t\t\tclass=\"lightbox-trigger\"\n\t\t\ttype=\"button\"\n\t\t\taria-haspopup=\"dialog\"\n\t\t\taria-label=\"Agrandir\"\n\t\t\tdata-wp-init=\"callbacks.initTriggerButton\"\n\t\t\tdata-wp-on--click=\"actions.showLightbox\"\n\t\t\tdata-wp-style--right=\"state.imageButtonRight\"\n\t\t\tdata-wp-style--top=\"state.imageButtonTop\"\n\t\t>\n\t\t\t<svg xmlns=\"http:\/\/www.w3.org\/2000\/svg\" width=\"12\" height=\"12\" fill=\"none\" viewBox=\"0 0 12 12\">\n\t\t\t\t<path fill=\"#fff\" d=\"M2 0a2 2 0 0 0-2 2v2h1.5V2a.5.5 0 0 1 .5-.5h2V0H2Zm2 10.5H2a.5.5 0 0 1-.5-.5V8H0v2a2 2 0 0 0 2 2h2v-1.5ZM8 12v-1.5h2a.5.5 0 0 0 .5-.5V8H12v2a2 2 0 0 1-2 2H8Zm2-12a2 2 0 0 1 2 2v2h-1.5V2a.5.5 0 0 0-.5-.5H8V0h2Z\" \/>\n\t\t\t<\/svg>\n\t\t<\/button><\/figure>\n<\/figure>\n","protected":false},"excerpt":{"rendered":"<p>Le parcours 18 Trous Attention, depuis le d\u00e9but de l&rsquo;ann\u00e9e 2024, quelques changements dans la num\u00e9rotation et donc la carte de score :<\/p>\n","protected":false},"author":4,"featured_media":0,"parent":0,"menu_order":0,"comment_status":"closed","ping_status":"closed","template":"","meta":{"footnotes":""},"class_list":["post-112","page","type-page","status-publish","hentry"],"_links":{"self":[{"href":"https:\/\/asgolfcdi.fr\/index.php?rest_route=\/wp\/v2\/pages\/112","targetHints":{"allow":["GET"]}}],"collection":[{"href":"https:\/\/asgolfcdi.fr\/index.php?rest_route=\/wp\/v2\/pages"}],"about":[{"href":"https:\/\/asgolfcdi.fr\/index.php?rest_route=\/wp\/v2\/types\/page"}],"author":[{"embeddable":true,"href":"https:\/\/asgolfcdi.fr\/index.php?rest_route=\/wp\/v2\/users\/4"}],"replies":[{"embeddable":true,"href":"https:\/\/asgolfcdi.fr\/index.php?rest_route=%2Fwp%2Fv2%2Fcomments&post=112"}],"version-history":[{"count":0,"href":"https:\/\/asgolfcdi.fr\/index.php?rest_route=\/wp\/v2\/pages\/112\/revisions"}],"wp:attachment":[{"href":"https:\/\/asgolfcdi.fr\/index.php?rest_route=%2Fwp%2Fv2%2Fmedia&parent=112"}],"curies":[{"name":"wp","href":"https:\/\/api.w.org\/{rel}","templated":true}]}}